2) is divided by 13?
10
Let z = 53 + -17. Calculate the remainder when 68 is divided by z.
32
Let v(g) = -g**2 + 12*g + 2. Calculate the remainder when 14*2/((-12)/(-21)) is divided by v(11).
10
Let w(s) = s**3 - s**2 + 1. Calculate the remainder when w(3) is divided by 10.
9
Suppose 18*p = p + 170. What is the remainder when p is divided by 3?
1
Let a = -119 - -172. Let o = 8 + 10. Calculate the remainder when a is divided by o.
17
Suppose -3*x - 5*i = -24, 3*x = -2*x + 5*i. Suppose 4*f = x*w - 12, 0*f = 2*w + f - 19. What is the remainder when w is divided by 2/((-6)/10 - -1)?
3
Let v = -24 + 47. Calculate the remainder when v is divided by 8.
7
Let f(i) = -27*i**2 + 6 + 28*i**2 + i + 4*i. Let c be f(-8). Suppose t = -3*h, -h + c = 4*t + h. What is the remainder when 15 is divided by t?
6
Suppose p - 5*z = -0*z + 55, 2*p = -5*z + 95. Calculate the remainder when p is divided by -17*(6/(-3) - -1).
16
Suppose 2*l = 4*d - 36 - 12, 4*l + 56 = 4*d. What is the remainder when (-3)/12 + 113/4 is divided by d?
8
Let b be 1*3/6*-34. Let v = b + 37. Suppose -v = -4*n - 3*m, -5*m = 4*n - 3 - 25. Calculate the remainder when 3 is divided by n.
1
Suppose -x + z = 2*x - 121, 0 = 3*x - 2*z - 125. Suppose 2 = i + 4*a, -4*i + a + 42 + 17 = 0. What is the remainder when x is divided by i?
11
Let p(l) = -13*l - 33 + 61 - 29. Let u(o) = -o**2 + 3*o + 2. Let h be u(4). Calculate the remainder when p(h) is divided by 9.
7
Suppose -4*q + 92 = -0*q. What is the remainder when q is divided by (5 - (-62)/(-10))*-5?
5
Let z(j) = -5*j + 6. Let p(l) = -14*l + 18. Let a(t) = 4*p(t) - 11*z(t). Calculate the remainder when ((-102)/(-8))/((-3)/(-8)) is divided by a(-6).
10
Suppose -4*k = -2*k - 38. Suppose r - k = 3. Let q = 35 - r. What is the remainder when q is divided by 5?
3
Let l be (-1)/3 + (-140)/(-15). Suppose -l = 4*a - 65. What is the remainder when 55 is divided by a?
13
Calculate the remainder when ((-2)/((-8)/12))/1*23 is divided by 39.
30
Let s(m) = 5*m**3 + 2*m**2 - 3*m. Let q be s(2). Suppose -5*r - q = -122. What is the remainder when r is divided by 6?
4
Suppose 5*b - 46 = -1. What is the remainder when (-2)/(-8) - 270/(-8) is divided by b?
7
Suppose -6*p - 5 = -p, 156 = 4*g + 4*p. Suppose m = -m + g. Calculate the remainder when m is divided by 11.
9
Calculate the remainder when 47 is divided by (2 + -4)/(2/(-8)).
7
Let i = 17 - 6. What is the remainder when i is divided by 10?
1
Let m(h) = h**3 - h**2 - h + 4. Calculate the remainder when 70 is divided by m(3).
13
Let s be ((-3)/(-9))/(1/6). Suppose 0 = -h - s*h + 24. What is the remainder when h is divided by 3?
2
Suppose -4*l + 3*u + 48 = -30, -4 = 2*u. Let a(f) = 17*f**2 + 2. What is the remainder when a(2) is divided by l?
16
What is the remainder when 45 is divided by 276/24 - (-1)/2?
9
Suppose 0 = 5*u - 10*u + 350. Suppose -5*l = -3*i - 177, 3*i = -2*l + u + 5. Let m = 7 + 12. Calculate the remainder when l is divided by m.
17
Let l(x) = -x**2 + 11*x - 6. Let w be l(10). Suppose t - w = -1. Suppose 4 = -2*z, 0*y + 5*y = t*z + 36. Calculate the remainder when 10 is divided by y.
4
Suppose -t - t + 10 = 0. Suppose 3*a + t = -13. Calculate the remainder when (-57)/(-5) + a/15 is divided by 7.
4
Let t = -37 + 53. Suppose 0 = -0*v + 4*v + 5*o - 159, 0 = 4*v + 4*o - 164. Calculate the remainder when v is divided by t.
14
Suppose 4*h = -2*w + 18 + 12, w - 3 = 0. Let v be (-2)/(3*h/(-135)). Suppose -3*f = -8*f + v. What is the remainder when 5 is divided by f?
2
Suppose -5*m = 5*i - 105, 4*m + 69 = 5*i - 0*m. Suppose -3*b + i = -4. What is the remainder when b is divided by 3?
1
Let j(v) = v**2 - 4*v - 5. Let h be j(5). Let k(a) = -a**2 - a + 2. Let l be k(h). What is the remainder when 40 is divided by (-14)/1*(l - 3)?
12
Let n be 4/(-14) + (-1332)/(-7). Suppose m = 6*m - n. What is the remainder when m is divided by 20?
18
Let m(v) = v**2 + 11*v + 19. Calculate the remainder when m(-12) is divided by 11.
9
Let r(d) = d. Let k be r(3). Suppose 385 = 2*p + k*p. Suppose 5*y + s - p = -10, -4*s - 26 = -y. Calculate the remainder when y is divided by 8.
6
Let p(f) = f + 6*f + 4*f. Calculate the remainder when 21 is divided by p(1).
10
Let z be (2/(-4))/((-7)/(-14)). Let a(i) = -30*i - 1. What is the remainder when a(z) is divided by 10/(3*(-4)/(-18))?
14
Let c(g) = -g**3 - g**2 - 2. Let s be (1 + (-8)/6)*-9. Let f be c(s). Let d = 81 + f. Calculate the remainder when d is divided by 11.
10
Let a = -7 - -9. What is the remainder when (a + 24)*9/6 is divided by 14?
11
Suppose -5*y - 21 + 356 = 0. What is the remainder when y is divided by 14?
11
Suppose -n + 4*o + 6 = 0, 3*n = -2*n + 3*o - 4. Calculate the remainder when (n + 1)/((-2)/50) is divided by (9/18)/((-2)/(-52)).
12
Let r(f) be the first derivative of f**2/2 - f - 2. Calculate the remainder when r(6) is divided by 2.
1
Suppose -16 = -4*k + 36. Suppose -2*p - 3*q + 81 = 0, -28 = -p - 2*q + k. Calculate the remainder when p is divided by 10.
9
Let a = -2 + 2. Let u = a - -11. Calculate the remainder when -20*(4/6 + (-26)/12) is divided by u.
8
Let x = 3 - -31. Calculate the remainder when x is divided by 12.
10
Let f(o) = -o - 3. Suppose -g = 2*y + g - 20, 2*y - 2*g = 4. Let k be f(y). Calculate the remainder when (30/k)/((-1)/3) is divided by 6.
4
Let s = 11 + 40. What is the remainder when s is divided by 14?
9
Let o = 103 - 69. What is the remainder when o is divided by 12?
10
Suppose 10 = 3*r + u, 4 = 3*r - 6*u + u. Suppose -2*j = -j - r*h + 91, 103 = -j - h. What is the remainder when 27 is divided by j/(-7) - (-2)/(-7)?
13
Let a = 67 - 30. Let z(p) = p**2 + 4. Calculate the remainder when a is divided by z(3).
11
Suppose -4*n - 51 = -7*n + h, -4*h = 2*n - 34. Let x = 5 - 1. Let s = x - -28. What is the remainder when s is divided by n?
15
Suppose -4*m - 4*t + 45 - 5 = 0, -5 = m - 2*t. Suppose -3*p = 15, 3*y + m*p + 12 - 2 = 0. Suppose 1 - y = -4*c. What is the remainder when 1 is divided by c?
0
Let d be (-1 - -1)*(5 + -6). Suppose d = 3*l + 7 - 58. What is the remainder when 32 is divided by l?
15
Let t(n) = -n**2 + 7*n - 6. Let b be t(5). Let i = 14 + -7. Let q = i - b. Calculate the remainder when q is divided by 2.
1
Calculate the remainder when 43 is divided by (-74)/(-5) - (-7)/35.
13
Let t(u) = -u**3 - u**2 - 2*u - 2. What is the remainder when t(-3) is divided by 6?
4
Let t be (-3 + 0)*8/6. Suppose 4*g = q + 3, 5*q - 5*g + 4 = 19. What is the remainder when (t/(-3))/4*51 is divided by q?
2
Let v(g) = -g**3 - g + 43. Let h be v(0). Suppose -k = -0*k - o + 26, 122 = -5*k + o. Let s = k + h. What is the remainder when s is divided by 11?
8
Let t = -3 - -5. Suppose 4*j - 24 = -4*v, v - 6 = j - t. What is the remainder when 1 is divided by j?
0
Suppose -2*u = 0, 4*u + 84 = 2*h + u. Let z = 0 - -11. Calculate the remainder when h is divided by z.
9
Suppose -5 - 4 = -i. Suppose 4*y - i - 59 = 0. Calculate the remainder when y is divided by 9.
8
What is the remainder when ((-63)/(-36))/(4/80) is divided by 13?
9
Suppose -3*g - 14 = -2*l, 4*l = -5*g + 4*g - 28. Let t(k) = -6*k - 4*k - 3*k + 3*k**2 - 10 - 4*k**2. What is the remainder when t(g) is divided by 16?
14
What is the remainder when 9 is divided by (-9)/(-9) - -5*1?
3
Suppose 3*m - 4 = -u, 0 = -4*m - 2*u + 3 + 5. Suppose m = 2*k - 6*k + 64. What is the remainder when 63 is divided by k?
15
Suppose -3*k + 11 = -55. Let s(j) = j**3 - 2*j**2 - j. Let i be s(3). Suppose -2*a - 48 = -i*a. Calculate the remainder when k is divided by a.
10
Let r = -39 - -58. Calculate the remainder when 37 is divided by r.
18
What is the remainder when (-30)/24*-4*7 is divided by 12?
11
Let j = 3 - 2. Let s be -1 + (j - (-69 + -1)). Let a = s + -47. Calculate the remainder when a is divided by 8.
7
Suppose 14*j - 88 = 6*j. Suppose 3*o + o - 76 = 0. What is the remainder when o is divided by j?
8
Let u(j) = j**2 + 7*j + 7. Let d be 12/(-5)*80/(-32). Suppose -9 = -d*l - 3. What is the remainder when u(-6) is divided by l?
0
Calculate the remainder when (-3 - 0)/3*-17 is divided by (-9)/(-54) + 70/12.
5
Let l be 3 - 111/4 - 1/4. Let i = -32 - -81. Let d = l + i. What is the remainder when d is divided by 13?
11
Let h(f) = f**2 - 7*f + 8. Let o be h(6). Suppose -o*z + 24 = -0*z. Calculate the remainder when ((-